 229896.
1116
Calculate the highest common divisor of 74385 and 846336.
1653
Calculate the greatest common factor of 18588640 and 20825.
245
Calculate the greatest common divisor of 1034 and 256551427.
517
What is the greatest common divisor of 1542742 and 260362?
3886
What is the greatest common divisor of 414109633 and 245?
49
What is the greatest common divisor of 15470 and 1236014?
26
Calculate the greatest common divisor of 1835 and 116166510.
1835
Calculate the highest common factor of 18870 and 13339055.
185
Calculate the highest common factor of 1392844038 and 1284.
642
Calculate the highest common factor of 18070 and 621330.
1390
Calculate the highest common factor of 11728557 and 129818.
4993
What is the highest common divisor of 300 and 4880580?
60
What is the greatest common divisor of 199805 and 1331285?
2245
Calculate the greatest common divisor of 3752448 and 3141.
1047
Calculate the highest common divisor of 105893 and 8279.
17
What is the highest common factor of 17819381 and 2051?
293
What is the greatest common divisor of 1612062 and 2633698?
6634
What is the highest common factor of 78750 and 3216150?
3150
Calculate the greatest common factor of 5605 and 27241421.
1121
What is the highest common factor of 271377036 and 7?
7
What is the greatest common divisor of 230345 and 5865?
115
Calculate the greatest common factor of 90 and 54319110.
30
Calculate the highest common factor of 1549902 and 2298.
6
What is the greatest common factor of 45798121 and 5?
1
Calculate the greatest common factor of 3893384 and 15251.
151
Calculate the greatest common factor of 1203 and 16881699.
1203
Calculate the greatest common factor of 2555 and 23364745.
365
Calculate the greatest common factor of 3817 and 1937648.
347
Calculate the highest common divisor of 1425204 and 17446.
1342
Calculate the highest common divisor of 232245 and 660.
15
Calculate the greatest common factor of 965657 and 19404.
77
What is the highest common factor of 2339526 and 42?
42
Calculate the highest common divisor of 1471528 and 5344.
8
Calculate the greatest common divisor of 3329008 and 102.
34
Calculate the greatest common factor of 14141081 and 427.
61
What is the greatest common factor of 307922 and 107938?
58
Calculate the highest common divisor of 9499940 and 4420.
340
Calculate the greatest common factor of 4101286 and 41902.
1022
What is the highest common factor of 50818136 and 124?
4
Calculate the highest common factor of 117 and 29969134.
13
What is the highest common divisor of 12838170 and 30?
30
What is the greatest common factor of 8300 and 246400?
100
What is the highest common divisor of 2927448 and 504?
72
What is the highest common factor of 5083758 and 290?
58
Calculate the highest common factor of 220 and 71097290.
110
What is the greatest common divisor of 13 and 749157968?
13
Calculate the highest common factor of 4237 and 2727507.
19
What is the greatest common divisor of 397772 and 19386?
718
What is the greatest common divisor of 185978 and 773858?
46
What is the greatest common divisor of 4662711 and 1062?
531
Calculate the greatest common divisor of 163191 and 677103.
399
What is the greatest common factor of 2944 and 1276592?
368
Calculate the highest common factor of 15171393 and 98373.
813
What is the highest common factor of 1385263305 and 2565?
855
What is the highest common factor of 461024 and 832?
32
What is the greatest common factor of 29239574 and 25480?
1274
What is the greatest common divisor of 2174151 and 15789?
57
What is the greatest common factor of 2581 and 15977992?
89
What is the greatest common divisor of 12000 and 4715625?
375
What is the greatest common factor of 380 and 1451580?
20
Calculate the greatest common factor of 62 and 10444802.
2
What is the greatest common divisor of 20566505 and 31295?
2845
Calculate the greatest common factor of 4121 and 1222127881.
4121
What is the highest common divisor of 141592 and 4796?
44
What is the highest common factor of 7717613 and 177?
59
Calculate the greatest common divisor of 1000 and 35510300.
100
Calculate the highest common factor of 528 and 43112608.
176
What is the highest common divisor of 8575 and 1369256?
343
What is the highest common factor of 860108 and 1219?
23
What is the highest common factor of 23712540 and 12?
12
Calculate the highest common divisor of 73423 and 86751.
119
What is the greatest common factor of 78153 and 4202337?
717
Calculate the highest common divisor of 238765 and 36125.
85
What is the greatest common factor of 70818 and 7589181?
111
What is the greatest common factor of 20243 and 18207599?
653
Calculate the highest common divisor of 248046138 and 486.
486
What is the highest common divisor of 23661184 and 233536?
5696
Calculate the highest common divisor of 7596 and 20947236.
2532
What is the highest common factor of 364 and 1342236?
28
Calculate the greatest common divisor of 3950 and 1539710.
790
Calculate the highest common factor of 10 and 460708730.
10
What is the highest common divisor of 38019 and 5191560?
1311
Calculate the highest common divisor of 11305 and 28753137.
2261
What is the highest common divisor of 4835608 and 860?
172
What is the highest common factor of 141338544 and 16?
16
Calculate the greatest common divisor of 4862367 and 295.
59
What is the highest common divisor of 13 and 14077388?
13
What is the highest common divisor of 20823053 and 2638?
1319
Calculate the greatest common divisor of 9962176 and 7616.
448
What is the greatest common factor of 2865 and 73719315?
2865
Calculate the highest common divisor of 5505 and 216289615.
1835
Calculate the highest common factor of 15074499 and 62997.
759
Calculate the greatest common divisor of 5109280 and 4960.
160
What is the greatest common factor of 48253 and 6500066?
73
Calculate the highest common divisor of 6693036 and 7752.
204
Calculate the greatest common divisor of 1804647 and 35841.
39
What is the highest common divisor of 57587572 and 252?
28
Calculate the highest common divisor of 76203360 and 1152.
288
What is the highest common divisor of 398 and 176044?
2
Calculate the highest common factor of 5 and 66870005.
5
Calculate the highest common divisor of 7809 and 6002244.
411
What is the highest common factor of 1975 and 298525?
25
What is the highest common divisor of 7527 and 114348?
39
What is the highest common factor of 885 and 297578595?
885
What is the highest common divisor of 52934817 and 26?
13
What is the greatest common divisor of 4 and 6324908?
4
What is the greatest common divisor of 31272 and 520?
8
What is the highest common divisor of 1 and 187537?
1
What is the highest common factor of 54 and 30529368?
18
What is the greatest common divisor of 96 and 1432655568?
48
Calculate the greatest common factor of 235377648 and 176.
176
What is the highest common factor of 7696936 and 208?
104
What is the greatest common factor of 1152 and 3375072?
288
What is the highest common divisor of 1392 and 65505606?
174
What is the highest common divisor of 812 and 177884?
28
What is the greatest common factor of 131126 and 362?
2
Calculate the greatest common divisor of 16661469 and 429.
33
Calculate the greatest common factor of 1173723 and 14496.
453
Calculate the highest common factor of 115828629 and 12.
3
What is the greatest common divisor of 118764 and 11004?
12
What is the highest common factor of 462805212 and 17?
17
Calculate the greatest common divisor of 8685902 and 197842.
6382
What is the highest common factor of 7203 and 18883179?
1029
What is the highest common divisor of 415 and 2644048?
83
What is the greatest common divisor of 18000 and 22274625?
375
Calculate the highest common factor of 726110 and 561890.
1610
What is the greatest common factor of 26245 and 7627?
29
What is the highest common divisor of 14 and 78123549?
7
Calculate the highest common divisor of 2469 and 35356903.
823
Calculate the highest common divisor of 15228 and 1231400.
188
Calculate the greatest common factor of 258 and 510574776.
258
What is the greatest common factor of 509435 and 1375405?
695
What is the greatest common factor of 517 and 501766219?
47
What is the greatest common factor of 1167407 and 119?
17
What is the greatest common divisor of 435